{"id":35,"date":"2019-03-23T20:51:38","date_gmt":"2019-03-24T01:51:38","guid":{"rendered":"http:\/\/www.qir.mx\/site\/?page_id=35"},"modified":"2019-11-06T16:00:23","modified_gmt":"2019-11-06T21:00:23","slug":"contacto","status":"publish","type":"page","link":"http:\/\/www.qir.mx\/site\/contacto\/","title":{"rendered":"Contacto"},"content":{"rendered":"\t\t<div data-elementor-type=\"wp-post\" data-elementor-id=\"35\" class=\"elementor elementor-35\">\n\t\t\t\t\t\t<section class=\"elementor-section elementor-top-section elementor-element elementor-element-295ef89 elementor-section-boxed elementor-section-height-default elementor-section-height-default\" data-id=\"295ef89\" data-element_type=\"section\">\n\t\t\t\t\t\t<div class=\"elementor-container elementor-column-gap-default\">\n\t\t\t\t\t<div class=\"elementor-column elementor-col-50 elementor-top-column elementor-element elementor-element-b1a8b9e\" data-id=\"b1a8b9e\" data-element_type=\"column\">\n\t\t\t<div class=\"elementor-widget-wrap elementor-element-populated\">\n\t\t\t\t\t\t<div class=\"elementor-element elementor-element-6dbbe32 elementor-widget elementor-widget-text-editor\" data-id=\"6dbbe32\" data-element_type=\"widget\" data-widget_type=\"text-editor.default\">\n\t\t\t\t<div class=\"elementor-widget-container\">\n\t\t\t\t\t\t\t\t\t<h4>An\u00e1lisis preciso de tu entorno para una toma de decisiones clave.<\/h4><p><strong>Tlaxcala 151<\/strong><br \/><strong>Piso 2 <\/strong><br \/><strong>Col. Hip\u00f3dromo Condesa<\/strong><br \/><strong>M\u00e9xico, D. F.<\/strong><br \/><strong>C. P. 06170<\/strong><\/p><h3>Tel: (55) 36936700<br \/>email: contacto@qir.mx<\/h3>\t\t\t\t\t\t\t\t<\/div>\n\t\t\t\t<\/div>\n\t\t\t\t\t<\/div>\n\t\t<\/div>\n\t\t\t\t<div class=\"elementor-column elementor-col-50 elementor-top-column elementor-element elementor-element-d48ebb9\" data-id=\"d48ebb9\" data-element_type=\"column\">\n\t\t\t<div class=\"elementor-widget-wrap elementor-element-populated\">\n\t\t\t\t\t\t<div class=\"elementor-element elementor-element-e6bfa74 elementor-invisible elementor-widget elementor-widget-google_maps\" data-id=\"e6bfa74\" data-element_type=\"widget\" data-settings=\"{&quot;_animation&quot;:&quot;fadeInUp&quot;}\" data-widget_type=\"google_maps.default\">\n\t\t\t\t<div class=\"elementor-widget-container\">\n\t\t\t\t\t\t\t<div class=\"elementor-custom-embed\">\n\t\t\t<iframe loading=\"lazy\"\n\t\t\t\t\tsrc=\"https:\/\/maps.google.com\/maps?q=Tlaxcala%20151%20&#038;t=m&#038;z=16&#038;output=embed&#038;iwloc=near\"\n\t\t\t\t\ttitle=\"Tlaxcala 151 \"\n\t\t\t\t\taria-label=\"Tlaxcala 151 \"\n\t\t\t><\/iframe>\n\t\t<\/div>\n\t\t\t\t\t\t<\/div>\n\t\t\t\t<\/div>\n\t\t\t\t\t<\/div>\n\t\t<\/div>\n\t\t\t\t\t<\/div>\n\t\t<\/section>\n\t\t\t\t<section class=\"elementor-section elementor-top-section elementor-element elementor-element-94d5fca elementor-section-boxed elementor-section-height-default elementor-section-height-default\" data-id=\"94d5fca\" data-element_type=\"section\">\n\t\t\t\t\t\t<div class=\"elementor-container elementor-column-gap-default\">\n\t\t\t\t\t<div class=\"elementor-column elementor-col-100 elementor-top-column elementor-element elementor-element-371221d\" data-id=\"371221d\" data-element_type=\"column\">\n\t\t\t<div class=\"elementor-widget-wrap elementor-element-populated\">\n\t\t\t\t\t\t<div class=\"elementor-element elementor-element-50a68be elementor-widget-divider--view-line elementor-widget elementor-widget-divider\" data-id=\"50a68be\" data-element_type=\"widget\" data-widget_type=\"divider.default\">\n\t\t\t\t<div class=\"elementor-widget-container\">\n\t\t\t\t\t\t\t<div class=\"elementor-divider\">\n\t\t\t<span class=\"elementor-divider-separator\">\n\t\t\t\t\t\t<\/span>\n\t\t<\/div>\n\t\t\t\t\t\t<\/div>\n\t\t\t\t<\/div>\n\t\t\t\t\t<\/div>\n\t\t<\/div>\n\t\t\t\t\t<\/div>\n\t\t<\/section>\n\t\t\t\t<section class=\"elementor-section elementor-top-section elementor-element elementor-element-7779806 elementor-section-boxed elementor-section-height-default elementor-section-height-default\" data-id=\"7779806\" data-element_type=\"section\">\n\t\t\t\t\t\t<div class=\"elementor-container elementor-column-gap-default\">\n\t\t\t\t\t<div class=\"elementor-column elementor-col-100 elementor-top-column elementor-element elementor-element-6cea619\" data-id=\"6cea619\" data-element_type=\"column\">\n\t\t\t<div class=\"elementor-widget-wrap elementor-element-populated\">\n\t\t\t\t\t\t<div class=\"elementor-element elementor-element-a4a3f59 elementor-shape-circle e-grid-align-left elementor-grid-0 elementor-invisible elementor-widget elementor-widget-social-icons\" data-id=\"a4a3f59\" data-element_type=\"widget\" data-settings=\"{&quot;_animation&quot;:&quot;fadeInUp&quot;}\" data-widget_type=\"social-icons.default\">\n\t\t\t\t<div class=\"elementor-widget-container\">\n\t\t\t\t\t\t\t<div class=\"elementor-social-icons-wrapper elementor-grid\">\n\t\t\t\t\t\t\t<span class=\"elementor-grid-item\">\n\t\t\t\t\t<a class=\"elementor-icon elementor-social-icon elementor-social-icon-facebook elementor-animation-grow elementor-repeater-item-cbee011\" href=\"https:\/\/www.facebook.com\/qualityinsightresearch\" target=\"_blank\">\n\t\t\t\t\t\t<span class=\"elementor-screen-only\">Facebook<\/span>\n\t\t\t\t\t\t<i class=\"fab fa-facebook\"><\/i>\t\t\t\t\t<\/a>\n\t\t\t\t<\/span>\n\t\t\t\t\t\t\t<span class=\"elementor-grid-item\">\n\t\t\t\t\t<a class=\"elementor-icon elementor-social-icon elementor-social-icon-twitter elementor-animation-grow elementor-repeater-item-80aebc7\" href=\"https:\/\/twitter.com\/InsightQir\" target=\"_blank\">\n\t\t\t\t\t\t<span class=\"elementor-screen-only\">Twitter<\/span>\n\t\t\t\t\t\t<i class=\"fab fa-twitter\"><\/i>\t\t\t\t\t<\/a>\n\t\t\t\t<\/span>\n\t\t\t\t\t<\/div>\n\t\t\t\t\t\t<\/div>\n\t\t\t\t<\/div>\n\t\t\t\t\t<\/div>\n\t\t<\/div>\n\t\t\t\t\t<\/div>\n\t\t<\/section>\n\t\t\t\t<\/div>\n\t\t","protected":false},"excerpt":{"rendered":"<p>An\u00e1lisis preciso de tu entorno para una toma de decisiones clave. Tlaxcala 151 Piso 2 Col. Hip\u00f3dromo Condesa M\u00e9xico, D. F. C. P. 06170 Tel: (55) 36936700 email: contacto@qir.mx Facebook Twitter<\/p>\n","protected":false},"author":1,"featured_media":0,"parent":0,"menu_order":0,"comment_status":"closed","ping_status":"closed","template":"page-templates\/page-with-left-sidebar.php","meta":{"_exactmetrics_skip_tracking":false,"_exactmetrics_sitenote_active":false,"_exactmetrics_sitenote_note":"","_exactmetrics_sitenote_category":0,"_joinchat":[],"footnotes":""},"yoast_head":"<!-- This site is optimized with the Yoast SEO plugin v24.4 - https:\/\/yoast.com\/wordpress\/plugins\/seo\/ -->\n<title>Contacto - Quality Insight Research<\/title>\n<meta name=\"robots\" content=\"index, follow, max-snippet:-1, max-image-preview:large, max-video-preview:-1\" \/>\n<link rel=\"canonical\" href=\"https:\/\/www.qir.mx\/site\/contacto\/\" \/>\n<meta property=\"og:locale\" content=\"es_ES\" \/>\n<meta property=\"og:type\" content=\"article\" \/>\n<meta property=\"og:title\" content=\"Contacto - Quality Insight Research\" \/>\n<meta property=\"og:description\" content=\"An\u00e1lisis preciso de tu entorno para una toma de decisiones clave. Tlaxcala 151 Piso 2 Col. Hip\u00f3dromo Condesa M\u00e9xico, D. F. C. P. 06170 Tel: (55) 36936700 email: contacto@qir.mx Facebook Twitter\" \/>\n<meta property=\"og:url\" content=\"https:\/\/www.qir.mx\/site\/contacto\/\" \/>\n<meta property=\"og:site_name\" content=\"Quality Insight Research\" \/>\n<meta property=\"article:modified_time\" content=\"2019-11-06T21:00:23+00:00\" \/>\n<meta name=\"twitter:card\" content=\"summary_large_image\" \/>\n<script type=\"application\/ld+json\" class=\"yoast-schema-graph\">{\"@context\":\"https:\/\/schema.org\",\"@graph\":[{\"@type\":\"WebPage\",\"@id\":\"https:\/\/www.qir.mx\/site\/contacto\/\",\"url\":\"https:\/\/www.qir.mx\/site\/contacto\/\",\"name\":\"Contacto - Quality Insight Research\",\"isPartOf\":{\"@id\":\"https:\/\/www.qir.mx\/site\/#website\"},\"datePublished\":\"2019-03-24T01:51:38+00:00\",\"dateModified\":\"2019-11-06T21:00:23+00:00\",\"breadcrumb\":{\"@id\":\"https:\/\/www.qir.mx\/site\/contacto\/#breadcrumb\"},\"inLanguage\":\"es\",\"potentialAction\":[{\"@type\":\"ReadAction\",\"target\":[\"https:\/\/www.qir.mx\/site\/contacto\/\"]}]},{\"@type\":\"BreadcrumbList\",\"@id\":\"https:\/\/www.qir.mx\/site\/contacto\/#breadcrumb\",\"itemListElement\":[{\"@type\":\"ListItem\",\"position\":1,\"name\":\"Portada\",\"item\":\"http:\/\/www.qir.mx\/site\/\"},{\"@type\":\"ListItem\",\"position\":2,\"name\":\"Contacto\"}]},{\"@type\":\"WebSite\",\"@id\":\"https:\/\/www.qir.mx\/site\/#website\",\"url\":\"https:\/\/www.qir.mx\/site\/\",\"name\":\"Quality Insight Research\",\"description\":\"Inteligencia en Investigaci\u00f3n de Mercados\",\"publisher\":{\"@id\":\"https:\/\/www.qir.mx\/site\/#organization\"},\"potentialAction\":[{\"@type\":\"SearchAction\",\"target\":{\"@type\":\"EntryPoint\",\"urlTemplate\":\"https:\/\/www.qir.mx\/site\/?s={search_term_string}\"},\"query-input\":{\"@type\":\"PropertyValueSpecification\",\"valueRequired\":true,\"valueName\":\"search_term_string\"}}],\"inLanguage\":\"es\"},{\"@type\":\"Organization\",\"@id\":\"https:\/\/www.qir.mx\/site\/#organization\",\"name\":\"Quality Insight Research\",\"url\":\"https:\/\/www.qir.mx\/site\/\",\"logo\":{\"@type\":\"ImageObject\",\"inLanguage\":\"es\",\"@id\":\"https:\/\/www.qir.mx\/site\/#\/schema\/logo\/image\/\",\"url\":\"https:\/\/www.qir.mx\/site\/wp-content\/uploads\/2019\/08\/Logo-QIR.png\",\"contentUrl\":\"https:\/\/www.qir.mx\/site\/wp-content\/uploads\/2019\/08\/Logo-QIR.png\",\"width\":247,\"height\":250,\"caption\":\"Quality Insight Research\"},\"image\":{\"@id\":\"https:\/\/www.qir.mx\/site\/#\/schema\/logo\/image\/\"}}]}<\/script>\n<!-- \/ Yoast SEO plugin. -->","yoast_head_json":{"title":"Contacto - Quality Insight Research","robots":{"index":"index","follow":"follow","max-snippet":"max-snippet:-1","max-image-preview":"max-image-preview:large","max-video-preview":"max-video-preview:-1"},"canonical":"https:\/\/www.qir.mx\/site\/contacto\/","og_locale":"es_ES","og_type":"article","og_title":"Contacto - Quality Insight Research","og_description":"An\u00e1lisis preciso de tu entorno para una toma de decisiones clave. Tlaxcala 151 Piso 2 Col. Hip\u00f3dromo Condesa M\u00e9xico, D. F. C. P. 06170 Tel: (55) 36936700 email: contacto@qir.mx Facebook Twitter","og_url":"https:\/\/www.qir.mx\/site\/contacto\/","og_site_name":"Quality Insight Research","article_modified_time":"2019-11-06T21:00:23+00:00","twitter_card":"summary_large_image","schema":{"@context":"https:\/\/schema.org","@graph":[{"@type":"WebPage","@id":"https:\/\/www.qir.mx\/site\/contacto\/","url":"https:\/\/www.qir.mx\/site\/contacto\/","name":"Contacto - Quality Insight Research","isPartOf":{"@id":"https:\/\/www.qir.mx\/site\/#website"},"datePublished":"2019-03-24T01:51:38+00:00","dateModified":"2019-11-06T21:00:23+00:00","breadcrumb":{"@id":"https:\/\/www.qir.mx\/site\/contacto\/#breadcrumb"},"inLanguage":"es","potentialAction":[{"@type":"ReadAction","target":["https:\/\/www.qir.mx\/site\/contacto\/"]}]},{"@type":"BreadcrumbList","@id":"https:\/\/www.qir.mx\/site\/contacto\/#breadcrumb","itemListElement":[{"@type":"ListItem","position":1,"name":"Portada","item":"http:\/\/www.qir.mx\/site\/"},{"@type":"ListItem","position":2,"name":"Contacto"}]},{"@type":"WebSite","@id":"https:\/\/www.qir.mx\/site\/#website","url":"https:\/\/www.qir.mx\/site\/","name":"Quality Insight Research","description":"Inteligencia en Investigaci\u00f3n de Mercados","publisher":{"@id":"https:\/\/www.qir.mx\/site\/#organization"},"potentialAction":[{"@type":"SearchAction","target":{"@type":"EntryPoint","urlTemplate":"https:\/\/www.qir.mx\/site\/?s={search_term_string}"},"query-input":{"@type":"PropertyValueSpecification","valueRequired":true,"valueName":"search_term_string"}}],"inLanguage":"es"},{"@type":"Organization","@id":"https:\/\/www.qir.mx\/site\/#organization","name":"Quality Insight Research","url":"https:\/\/www.qir.mx\/site\/","logo":{"@type":"ImageObject","inLanguage":"es","@id":"https:\/\/www.qir.mx\/site\/#\/schema\/logo\/image\/","url":"https:\/\/www.qir.mx\/site\/wp-content\/uploads\/2019\/08\/Logo-QIR.png","contentUrl":"https:\/\/www.qir.mx\/site\/wp-content\/uploads\/2019\/08\/Logo-QIR.png","width":247,"height":250,"caption":"Quality Insight Research"},"image":{"@id":"https:\/\/www.qir.mx\/site\/#\/schema\/logo\/image\/"}}]}},"_links":{"self":[{"href":"http:\/\/www.qir.mx\/site\/wp-json\/wp\/v2\/pages\/35"}],"collection":[{"href":"http:\/\/www.qir.mx\/site\/wp-json\/wp\/v2\/pages"}],"about":[{"href":"http:\/\/www.qir.mx\/site\/wp-json\/wp\/v2\/types\/page"}],"author":[{"embeddable":true,"href":"http:\/\/www.qir.mx\/site\/wp-json\/wp\/v2\/users\/1"}],"replies":[{"embeddable":true,"href":"http:\/\/www.qir.mx\/site\/wp-json\/wp\/v2\/comments?post=35"}],"version-history":[{"count":18,"href":"http:\/\/www.qir.mx\/site\/wp-json\/wp\/v2\/pages\/35\/revisions"}],"predecessor-version":[{"id":304,"href":"http:\/\/www.qir.mx\/site\/wp-json\/wp\/v2\/pages\/35\/revisions\/304"}],"wp:attachment":[{"href":"http:\/\/www.qir.mx\/site\/wp-json\/wp\/v2\/media?parent=35"}],"curies":[{"name":"wp","href":"https:\/\/api.w.org\/{rel}","templated":true}]}}